{"id":82,"date":"2023-09-10T11:16:04","date_gmt":"2023-09-10T09:16:04","guid":{"rendered":"https:\/\/shg-schlaganfall-ulm.de\/?page_id=82"},"modified":"2023-09-10T11:16:39","modified_gmt":"2023-09-10T09:16:39","slug":"logopaedie","status":"publish","type":"page","link":"https:\/\/shg-schlaganfall-ulm.de\/?page_id=82","title":{"rendered":"Logop\u00e4die"},"content":{"rendered":"\n<p>Logop\u00e4die kann nach einem Schlaganfall eine wichtige Rolle bei der Unterst\u00fctzung spielen:<\/p>\n\n\n\n<p> 1. Schlucktherapie: Logop\u00e4den k\u00f6nnen bei Schluckst\u00f6rungen helfen, indem sie Techniken und \u00dcbungen zur Verbesserung der Schluckfunktion anbieten. <\/p>\n\n\n\n<p>2. Sprachtherapie: Wenn der Schlaganfall Sprachprobleme verursacht hat, kann die Logop\u00e4die helfen, die Sprachf\u00e4higkeiten durch \u00dcbungen zur Aussprache, Wortfindung und Verst\u00e4ndlichkeit zu verbessern. <\/p>\n\n\n\n<p>3. Kommunikationstraining: Logop\u00e4den k\u00f6nnen Patienten dabei unterst\u00fctzen, alternative Kommunikationsmethoden zu erlernen, wie die Verwendung von Kommunikationshilfen oder Geb\u00e4rdensprache, falls die F\u00e4higkeit zur verbalen Kommunikation beeintr\u00e4chtigt ist. <\/p>\n\n\n\n<p>4. Stimmtherapie: Wenn die Stimmb\u00e4nder betroffen sind, kann die Logop\u00e4die dabei helfen, die Stimmqualit\u00e4t und -funktion zu verbessern. <\/p>\n\n\n\n<p>5. Beratung und Anleitung: Logop\u00e4den bieten oft auch Beratung und Anleitung f\u00fcr Angeh\u00f6rige und Pflegepersonen an, um die Kommunikation mit dem Patienten zu erleichtern. Die genaue Art der Logop\u00e4die h\u00e4ngt von den individuellen Bed\u00fcrfnissen des Patienten ab. Es ist wichtig, fr\u00fchzeitig mit einer logop\u00e4dischen Therapie zu beginnen, da dies die Genesung und die Lebensqualit\u00e4t nach einem Schlaganfall verbessern kann. Ein Arzt oder Neurologe kann Sie an einen Logop\u00e4den \u00fcberweisen, um die richtige Unterst\u00fctzung zu erhalten.<\/p>\n","protected":false},"excerpt":{"rendered":"<p>Logop\u00e4die kann nach einem Schlaganfall eine wichtige Rolle bei der Unterst\u00fctzung spielen: 1. Schlucktherapie: Logop\u00e4den k\u00f6nnen bei Schluckst\u00f6rungen helfen, indem sie Techniken und \u00dcbungen zur Verbesserung der Schluckfunktion anbieten. 2. Sprachtherapie: Wenn der Schlaganfall Sprachprobleme verursacht hat, kann die Logop\u00e4die helfen, die Sprachf\u00e4higkeiten durch \u00dcbungen zur Aussprache, Wortfindung und Verst\u00e4ndlichkeit zu verbessern. 3. Kommunikationstraining: Logop\u00e4den [&hellip;]<\/p>\n","protected":false},"author":1,"featured_media":0,"parent":0,"menu_order":4,"comment_status":"closed","ping_status":"closed","template":"","meta":{"_mc_calendar":[],"footnotes":""},"class_list":["post-82","page","type-page","status-publish","hentry"],"_links":{"self":[{"href":"https:\/\/shg-schlaganfall-ulm.de\/index.php?rest_route=\/wp\/v2\/pages\/82","targetHints":{"allow":["GET"]}}],"collection":[{"href":"https:\/\/shg-schlaganfall-ulm.de\/index.php?rest_route=\/wp\/v2\/pages"}],"about":[{"href":"https:\/\/shg-schlaganfall-ulm.de\/index.php?rest_route=\/wp\/v2\/types\/page"}],"author":[{"embeddable":true,"href":"https:\/\/shg-schlaganfall-ulm.de\/index.php?rest_route=\/wp\/v2\/users\/1"}],"replies":[{"embeddable":true,"href":"https:\/\/shg-schlaganfall-ulm.de\/index.php?rest_route=%2Fwp%2Fv2%2Fcomments&post=82"}],"version-history":[{"count":1,"href":"https:\/\/shg-schlaganfall-ulm.de\/index.php?rest_route=\/wp\/v2\/pages\/82\/revisions"}],"predecessor-version":[{"id":83,"href":"https:\/\/shg-schlaganfall-ulm.de\/index.php?rest_route=\/wp\/v2\/pages\/82\/revisions\/83"}],"wp:attachment":[{"href":"https:\/\/shg-schlaganfall-ulm.de\/index.php?rest_route=%2Fwp%2Fv2%2Fmedia&parent=82"}],"curies":[{"name":"wp","href":"https:\/\/api.w.org\/{rel}","templated":true}]}}