{"id":37,"date":"2023-08-25T15:43:31","date_gmt":"2023-08-25T13:43:31","guid":{"rendered":"https:\/\/shg-schlaganfall-ulm.de\/?page_id=37"},"modified":"2023-09-10T11:33:52","modified_gmt":"2023-09-10T09:33:52","slug":"psychotherapie","status":"publish","type":"page","link":"https:\/\/shg-schlaganfall-ulm.de\/?page_id=37","title":{"rendered":"Psychotherapie"},"content":{"rendered":"\n<p><\/p>\n\n\n\n<p>Psychotherapie nach einem Schlaganfall kann auf verschiedene Weisen hilfreich sein. Sie kann dazu beitragen, die emotionalen und psychischen Auswirkungen des Schlaganfalls zu bew\u00e4ltigen und die psychische Gesundheit zu f\u00f6rdern. Hier sind einige Wege, wie Psychotherapie nach einem Schlaganfall helfen kann: <\/p>\n\n\n\n<p>1. **Bew\u00e4ltigung von Emotionen:** Ein Schlaganfall kann zu Angst, Depression, Frustration und Verunsicherung f\u00fchren. Psychotherapie bietet einen sicheren Raum, um diese Emotionen zu besprechen und effektive Bew\u00e4ltigungsstrategien zu erlernen. <\/p>\n\n\n\n<p>2. **Anpassung an Ver\u00e4nderungen:** Ein Schlaganfall kann zu Ver\u00e4nderungen im Alltag, in der Lebensf\u00fchrung und in den Beziehungen f\u00fchren. Psychotherapie kann helfen, sich an diese Ver\u00e4nderungen anzupassen und neue Lebensperspektiven zu entwickeln. <\/p>\n\n\n\n<p>3. **St\u00e4rkung des Selbstbewusstseins:** Durch die Unterst\u00fctzung eines Psychotherapeuten k\u00f6nnen Patienten ihr Selbstvertrauen st\u00e4rken und ein positiveres Selbstbild aufbauen, was die Rehabilitation unterst\u00fctzt. <\/p>\n\n\n\n<p>4. **Bew\u00e4ltigung kognitiver Ver\u00e4nderungen:** Ein Schlaganfall kann kognitive Beeintr\u00e4chtigungen wie Ged\u00e4chtnisprobleme oder Konzentrationsschwierigkeiten mit sich bringen. Psychotherapie kann Techniken anbieten, um diese Herausforderungen zu bew\u00e4ltigen und die kognitive Funktionsf\u00e4higkeit zu verbessern. <\/p>\n\n\n\n<p>5. **F\u00f6rderung sozialer Verbindungen:** Ein Schlaganfall kann das soziale Leben beeintr\u00e4chtigen. Psychotherapie kann helfen, soziale Isolation zu verhindern, indem sie Unterst\u00fctzung bei der Wiederherstellung von Beziehungen und der Kommunikation bietet. <\/p>\n\n\n\n<p>6. **Stressbew\u00e4ltigung:** Die Bew\u00e4ltigung der Anforderungen im Zusammenhang mit der Rehabilitation und dem allt\u00e4glichen Leben nach einem Schlaganfall kann stressig sein. Psychotherapie kann Strategien zur Stressbew\u00e4ltigung vermitteln. Insgesamt kann die Psychotherapie nach einem Schlaganfall dazu beitragen, das psychische Wohlbefinden zu f\u00f6rdern, den Genesungsprozess zu unterst\u00fctzen und eine positive Lebenseinstellung zu entwickeln.<\/p>\n\n\n\n<p>Hilfreiche Links:<br><a href=\"https:\/\/www.gesundheitsinformation.de\/depression-nach-einem-schlaganfall.html\" target=\"_blank\" rel=\"noopener\">Depressionen nach einem Sclaganfall<\/a><\/p>\n\n\n\n<p><\/p>\n","protected":false},"excerpt":{"rendered":"<p>Psychotherapie nach einem Schlaganfall kann auf verschiedene Weisen hilfreich sein. Sie kann dazu beitragen, die emotionalen und psychischen Auswirkungen des Schlaganfalls zu bew\u00e4ltigen und die psychische Gesundheit zu f\u00f6rdern. Hier sind einige Wege, wie Psychotherapie nach einem Schlaganfall helfen kann: 1. **Bew\u00e4ltigung von Emotionen:** Ein Schlaganfall kann zu Angst, Depression, Frustration und Verunsicherung f\u00fchren. Psychotherapie [&hellip;]<\/p>\n","protected":false},"author":1,"featured_media":0,"parent":0,"menu_order":3,"comment_status":"closed","ping_status":"closed","template":"","meta":{"_mc_calendar":[],"footnotes":""},"class_list":["post-37","page","type-page","status-publish","hentry"],"_links":{"self":[{"href":"https:\/\/shg-schlaganfall-ulm.de\/index.php?rest_route=\/wp\/v2\/pages\/37","targetHints":{"allow":["GET"]}}],"collection":[{"href":"https:\/\/shg-schlaganfall-ulm.de\/index.php?rest_route=\/wp\/v2\/pages"}],"about":[{"href":"https:\/\/shg-schlaganfall-ulm.de\/index.php?rest_route=\/wp\/v2\/types\/page"}],"author":[{"embeddable":true,"href":"https:\/\/shg-schlaganfall-ulm.de\/index.php?rest_route=\/wp\/v2\/users\/1"}],"replies":[{"embeddable":true,"href":"https:\/\/shg-schlaganfall-ulm.de\/index.php?rest_route=%2Fwp%2Fv2%2Fcomments&post=37"}],"version-history":[{"count":3,"href":"https:\/\/shg-schlaganfall-ulm.de\/index.php?rest_route=\/wp\/v2\/pages\/37\/revisions"}],"predecessor-version":[{"id":48,"href":"https:\/\/shg-schlaganfall-ulm.de\/index.php?rest_route=\/wp\/v2\/pages\/37\/revisions\/48"}],"wp:attachment":[{"href":"https:\/\/shg-schlaganfall-ulm.de\/index.php?rest_route=%2Fwp%2Fv2%2Fmedia&parent=37"}],"curies":[{"name":"wp","href":"https:\/\/api.w.org\/{rel}","templated":true}]}}