{"id":35,"date":"2023-08-25T15:43:49","date_gmt":"2023-08-25T13:43:49","guid":{"rendered":"https:\/\/shg-schlaganfall-ulm.de\/?page_id=35"},"modified":"2025-04-24T12:06:03","modified_gmt":"2025-04-24T10:06:03","slug":"physiotherapie","status":"publish","type":"page","link":"https:\/\/shg-schlaganfall-ulm.de\/?page_id=35","title":{"rendered":"Physiotherapie"},"content":{"rendered":"\n<p>Die Physiotherapie nach einem Schlaganfall ist von gro\u00dfer Bedeutung, da sie dazu beitr\u00e4gt, die motorischen F\u00e4higkeiten und die k\u00f6rperliche Mobilit\u00e4t wiederherzustellen. Nach einem Schlaganfall k\u00f6nnen L\u00e4hmungen, Muskelsteifheit oder Koordinationsprobleme auftreten. Die Physiotherapie zielt darauf ab, diese Einschr\u00e4nkungen zu reduzieren, die Muskelfunktionen zu verbessern und die Beweglichkeit zu erh\u00f6hen. Durch gezielte \u00dcbungen, Mobilisierungstechniken und individuelle Behandlungspl\u00e4ne hilft die Physiotherapie den Patienten, ihre k\u00f6rperliche St\u00e4rke zur\u00fcckzugewinnen und die F\u00e4higkeit zur eigenst\u00e4ndigen Fortbewegung wiederzuerlangen. Sie tr\u00e4gt auch dazu bei, Schmerzen zu lindern, das Gleichgewicht zu verbessern und das Risiko von Folgeproblemen wie Muskelkontrakturen oder Gelenksteifheit zu verringern. Letztendlich unterst\u00fctzt die Physiotherapie nach einem Schlaganfall die Betroffenen dabei, ihr t\u00e4gliches Leben wieder aktiver und selbstbestimmter zu gestalten.<\/p>\n","protected":false},"excerpt":{"rendered":"<p>Die Physiotherapie nach einem Schlaganfall ist von gro\u00dfer Bedeutung, da sie dazu beitr\u00e4gt, die motorischen F\u00e4higkeiten und die k\u00f6rperliche Mobilit\u00e4t wiederherzustellen. Nach einem Schlaganfall k\u00f6nnen L\u00e4hmungen, Muskelsteifheit oder Koordinationsprobleme auftreten. Die Physiotherapie zielt darauf ab, diese Einschr\u00e4nkungen zu reduzieren, die Muskelfunktionen zu verbessern und die Beweglichkeit zu erh\u00f6hen. Durch gezielte \u00dcbungen, Mobilisierungstechniken und individuelle Behandlungspl\u00e4ne [&hellip;]<\/p>\n","protected":false},"author":1,"featured_media":0,"parent":0,"menu_order":3,"comment_status":"closed","ping_status":"closed","template":"","meta":{"_mc_calendar":[],"footnotes":""},"class_list":["post-35","page","type-page","status-publish","hentry"],"_links":{"self":[{"href":"https:\/\/shg-schlaganfall-ulm.de\/index.php?rest_route=\/wp\/v2\/pages\/35","targetHints":{"allow":["GET"]}}],"collection":[{"href":"https:\/\/shg-schlaganfall-ulm.de\/index.php?rest_route=\/wp\/v2\/pages"}],"about":[{"href":"https:\/\/shg-schlaganfall-ulm.de\/index.php?rest_route=\/wp\/v2\/types\/page"}],"author":[{"embeddable":true,"href":"https:\/\/shg-schlaganfall-ulm.de\/index.php?rest_route=\/wp\/v2\/users\/1"}],"replies":[{"embeddable":true,"href":"https:\/\/shg-schlaganfall-ulm.de\/index.php?rest_route=%2Fwp%2Fv2%2Fcomments&post=35"}],"version-history":[{"count":4,"href":"https:\/\/shg-schlaganfall-ulm.de\/index.php?rest_route=\/wp\/v2\/pages\/35\/revisions"}],"predecessor-version":[{"id":284,"href":"https:\/\/shg-schlaganfall-ulm.de\/index.php?rest_route=\/wp\/v2\/pages\/35\/revisions\/284"}],"wp:attachment":[{"href":"https:\/\/shg-schlaganfall-ulm.de\/index.php?rest_route=%2Fwp%2Fv2%2Fmedia&parent=35"}],"curies":[{"name":"wp","href":"https:\/\/api.w.org\/{rel}","templated":true}]}}