{"id":288,"date":"2025-05-15T08:34:41","date_gmt":"2025-05-15T06:34:41","guid":{"rendered":"https:\/\/shg-schlaganfall-ulm.de\/?page_id=288"},"modified":"2025-05-15T08:35:54","modified_gmt":"2025-05-15T06:35:54","slug":"spenden","status":"publish","type":"page","link":"https:\/\/shg-schlaganfall-ulm.de\/?page_id=288","title":{"rendered":"Spenden"},"content":{"rendered":"\n<p>Liebe Unterst\u00fctzerinnen und Unterst\u00fctzer,<\/p>\n\n\n\n<p>die Selbsthilfegruppe Schlaganfall Ulm begleitet Menschen, die einen Schlaganfall erlitten haben, sowie deren Angeh\u00f6rige auf ihrem Weg. Unsere regelm\u00e4\u00dfigen Treffen bieten Raum f\u00fcr Austausch, gegenseitige Unterst\u00fctzung und wertvolle Informationen, um den Alltag nach einem Schlaganfall besser zu meistern. Gemeinsam st\u00e4rken wir Lebensmut und Lebensqualit\u00e4t.<\/p>\n\n\n\n<p>Um unsere Arbeit fortzuf\u00fchren und unsere Gruppentreffen zu erm\u00f6glichen, sind wir auf Ihre Unterst\u00fctzung angewiesen. Ihre Spende hilft uns, Informationsmaterial bereitzuhalten und Veranstaltungen wie Vortr\u00e4ge oder gemeinsame Aktivit\u00e4ten zu organisieren.<\/p>\n\n\n\n<p>Jeder Beitrag, egal wie klein, macht einen Unterschied! Ihre Spende flie\u00dft direkt in die Arbeit unserer Gruppe und unterst\u00fctzt Betroffene in der Region Ulm.<\/p>\n\n\n\n<p><strong>Spendenkonto:<\/strong><br>Selbsthilfegruppe Schlaganfall Ulm<br>IBAN: DE33 2022 0800 0027 8290 70<br>BIC: SXPYDEHHXXX<\/p>\n\n\n\n<p><strong>Hinweis<\/strong>:<br>Da wir kein eingetragener Verein sind d\u00fcrfen wir keine Spendenquittungen ausstellen.  Bei Zuwendungen bis zu einem Betrag von 300 \u20ac\u00a0gilt der vereinfachte Nachweis. Das hei\u00dft, dass dann ein Kontoauszug oder ein \u00dcberweisungsbeleg gen\u00fcgt.<\/p>\n\n\n\n<p>F\u00fcr weitere Informationen oder Fragen zu unserer Arbeit stehen wir Ihnen gerne zur Verf\u00fcgung. Kontaktieren Sie uns \u00fcber das Kontaktformular.<\/p>\n\n\n\n<p>Herzlichen Dank f\u00fcr Ihre Unterst\u00fctzung!<\/p>\n\n\n\n<p>Mit freundlichen Gr\u00fc\u00dfen,<br>Das Team der Selbsthilfegruppe Schlaganfall Ulm<\/p>\n","protected":false},"excerpt":{"rendered":"<p>Liebe Unterst\u00fctzerinnen und Unterst\u00fctzer, die Selbsthilfegruppe Schlaganfall Ulm begleitet Menschen, die einen Schlaganfall erlitten haben, sowie deren Angeh\u00f6rige auf ihrem Weg. Unsere regelm\u00e4\u00dfigen Treffen bieten Raum f\u00fcr Austausch, gegenseitige Unterst\u00fctzung und wertvolle Informationen, um den Alltag nach einem Schlaganfall besser zu meistern. Gemeinsam st\u00e4rken wir Lebensmut und Lebensqualit\u00e4t. Um unsere Arbeit fortzuf\u00fchren und unsere Gruppentreffen [&hellip;]<\/p>\n","protected":false},"author":1,"featured_media":0,"parent":0,"menu_order":12,"comment_status":"closed","ping_status":"closed","template":"","meta":{"_mc_calendar":[],"footnotes":""},"class_list":["post-288","page","type-page","status-publish","hentry"],"_links":{"self":[{"href":"https:\/\/shg-schlaganfall-ulm.de\/index.php?rest_route=\/wp\/v2\/pages\/288","targetHints":{"allow":["GET"]}}],"collection":[{"href":"https:\/\/shg-schlaganfall-ulm.de\/index.php?rest_route=\/wp\/v2\/pages"}],"about":[{"href":"https:\/\/shg-schlaganfall-ulm.de\/index.php?rest_route=\/wp\/v2\/types\/page"}],"author":[{"embeddable":true,"href":"https:\/\/shg-schlaganfall-ulm.de\/index.php?rest_route=\/wp\/v2\/users\/1"}],"replies":[{"embeddable":true,"href":"https:\/\/shg-schlaganfall-ulm.de\/index.php?rest_route=%2Fwp%2Fv2%2Fcomments&post=288"}],"version-history":[{"count":1,"href":"https:\/\/shg-schlaganfall-ulm.de\/index.php?rest_route=\/wp\/v2\/pages\/288\/revisions"}],"predecessor-version":[{"id":289,"href":"https:\/\/shg-schlaganfall-ulm.de\/index.php?rest_route=\/wp\/v2\/pages\/288\/revisions\/289"}],"wp:attachment":[{"href":"https:\/\/shg-schlaganfall-ulm.de\/index.php?rest_route=%2Fwp%2Fv2%2Fmedia&parent=288"}],"curies":[{"name":"wp","href":"https:\/\/api.w.org\/{rel}","templated":true}]}}