{"id":105,"date":"2023-09-19T10:54:59","date_gmt":"2023-09-19T08:54:59","guid":{"rendered":"https:\/\/shg-schlaganfall-ulm.de\/?page_id=105"},"modified":"2025-04-24T12:07:21","modified_gmt":"2025-04-24T10:07:21","slug":"impressum","status":"publish","type":"page","link":"https:\/\/shg-schlaganfall-ulm.de\/?page_id=105","title":{"rendered":"Impressum"},"content":{"rendered":"\n<p><\/p>\n\n\n\n<p>SHG Schlaganfall Ulm<\/p>\n\n\n\n<p>Ralf Illing<br>B\u00f6finger Weg 24\/6<br>89075 Ulm<br><\/p>\n\n\n\n<p><a href=\"https:\/\/shg-schlaganfall-ulm.de\/?page_id=72\" target=\"_blank\" rel=\"noreferrer noopener\">Kontakt:<\/a><br>kontakt@shg-schlaganfall-ulm.de<br>+4915162765417 (B\u00fcrozeiten Donnerstags von 9:00 bis 11:00 Uhr)<\/p>\n\n\n\n<p><strong>Vertreten durch<br><\/strong>Annemarie Eberhardt (ehrenamtliche Gruppenleiterin)<br>Ralf Illing (ehrenamtlicher Gruppenleiter)<\/p>\n\n\n\n<p>\u2014\u2014\u2014\u2014\u2014\u2014\u2014\u2014\u2014\u2014\u2014\u2014\u2014\u2014\u2014\u2014\u2014\u2014\u2014<\/p>\n\n\n\n<p><strong>Webseitenpflege<\/strong><br>Ralf Illing (ehrenamtlicher Gruppenleiter)<\/p>\n\n\n\n<p><strong>Datenschutzerkl\u00e4rung<\/strong><br>Zur Datenschutzerkl\u00e4rung gelangen Sie&nbsp;<a href=\"https:\/\/shg-schlaganfall-ulm.de\/?page_id=101\" target=\"_blank\" rel=\"noreferrer noopener\">hier<\/a><\/p>\n\n\n\n<p><strong>Disclaimer\/Haftungsausschluss<br><\/strong>1. Inhalt des Onlineangebotes<br>Der Autor \u00fcbernimmt keinerlei Gew\u00e4hr f\u00fcr die Aktualit\u00e4t, Korrektheit, Vollst\u00e4ndigkeit oder Qualit\u00e4t der bereitgestellten Informationen. Haftungsanspr\u00fcche gegen den Autor, welche sich auf Sch\u00e4den materieller oder ideeller Art beziehen, die durch die Nutzung oder Nichtnutzung der dargebotenen Informationen bzw. durch die Nutzung fehlerhafter und unvollst\u00e4ndiger Informationen verursacht wurden, sind grunds\u00e4tzlich ausgeschlossen, sofern seitens des Autors kein nachweislich vors\u00e4tzliches oder grob fahrl\u00e4ssiges Verschulden vorliegt. Alle Angebote sind freibleibend und unverbindlich. Der Autor beh\u00e4lt es sich ausdr\u00fccklich vor, Teile der Seiten oder das gesamte Angebot ohne gesonderte Ank\u00fcndigung zu ver\u00e4ndern, zu erg\u00e4nzen, zu l\u00f6schen oder die Ver\u00f6ffentlichung zeitweise oder endg\u00fcltig einzustellen.<\/p>\n\n\n\n<p>2. Verweise und Links<br>Bei direkten oder indirekten Verweisen auf fremde Webseiten (&#8222;Hyperlinks&#8220;), die au\u00dferhalb des Verantwortungsbereiches des Autors liegen, w\u00fcrde eine Haftungsverpflichtung ausschlie\u00dflich in dem Fall in Kraft treten, in dem der Autor von den Inhalten Kenntnis hat und es ihm technisch m\u00f6glich und zumutbar w\u00e4re, die Nutzung im Falle rechtswidriger Inhalte zu verhindern. Der Autor erkl\u00e4rt hiermit ausdr\u00fccklich, dass zum Zeitpunkt der Linksetzung keine illegalen Inhalte auf den zu verlinkenden Seiten erkennbar waren. Auf die aktuelle und zuk\u00fcnftige Gestaltung, die Inhalte oder die Urheberschaft der gelinkten\/verkn\u00fcpften Seiten hat der Autor keinerlei Einfluss.&nbsp;<\/p>\n\n\n\n<p>3. Urheber- und Kennzeichenrecht<br>Alle innerhalb des Internetangebotes genannten und ggf. durch Dritte gesch\u00fctzten Marken und Kennzeichen unterliegen den Bestimmungen des jeweils g\u00fcltigen Kennzeichenrechts. Allein aufgrund der blo\u00dfen Nennung ist nicht der Schluss zu ziehen, dass Bezeichnungen oder Begriffe nicht durch Rechte Dritter gesch\u00fctzt sind! Eine Vervielf\u00e4ltigung oder Verwendung von Grafiken, Tondokumente, Videosequenzen und Texte in anderen elektronischen oder gedruckten Publikationen ist ohne ausdr\u00fcckliche Zustimmung des Autors nicht gestattet.<\/p>\n","protected":false},"excerpt":{"rendered":"<p>SHG Schlaganfall Ulm Ralf IllingB\u00f6finger Weg 24\/689075 Ulm Kontakt:kontakt@shg-schlaganfall-ulm.de+4915162765417 (B\u00fcrozeiten Donnerstags von 9:00 bis 11:00 Uhr) Vertreten durchAnnemarie Eberhardt (ehrenamtliche Gruppenleiterin)Ralf Illing (ehrenamtlicher Gruppenleiter) \u2014\u2014\u2014\u2014\u2014\u2014\u2014\u2014\u2014\u2014\u2014\u2014\u2014\u2014\u2014\u2014\u2014\u2014\u2014 WebseitenpflegeRalf Illing (ehrenamtlicher Gruppenleiter) Datenschutzerkl\u00e4rungZur Datenschutzerkl\u00e4rung gelangen Sie&nbsp;hier Disclaimer\/Haftungsausschluss1. Inhalt des OnlineangebotesDer Autor \u00fcbernimmt keinerlei Gew\u00e4hr f\u00fcr die Aktualit\u00e4t, Korrektheit, Vollst\u00e4ndigkeit oder Qualit\u00e4t der bereitgestellten Informationen. Haftungsanspr\u00fcche gegen den Autor, [&hellip;]<\/p>\n","protected":false},"author":1,"featured_media":0,"parent":0,"menu_order":13,"comment_status":"closed","ping_status":"closed","template":"","meta":{"_mc_calendar":[],"footnotes":""},"class_list":["post-105","page","type-page","status-publish","hentry"],"_links":{"self":[{"href":"https:\/\/shg-schlaganfall-ulm.de\/index.php?rest_route=\/wp\/v2\/pages\/105","targetHints":{"allow":["GET"]}}],"collection":[{"href":"https:\/\/shg-schlaganfall-ulm.de\/index.php?rest_route=\/wp\/v2\/pages"}],"about":[{"href":"https:\/\/shg-schlaganfall-ulm.de\/index.php?rest_route=\/wp\/v2\/types\/page"}],"author":[{"embeddable":true,"href":"https:\/\/shg-schlaganfall-ulm.de\/index.php?rest_route=\/wp\/v2\/users\/1"}],"replies":[{"embeddable":true,"href":"https:\/\/shg-schlaganfall-ulm.de\/index.php?rest_route=%2Fwp%2Fv2%2Fcomments&post=105"}],"version-history":[{"count":5,"href":"https:\/\/shg-schlaganfall-ulm.de\/index.php?rest_route=\/wp\/v2\/pages\/105\/revisions"}],"predecessor-version":[{"id":132,"href":"https:\/\/shg-schlaganfall-ulm.de\/index.php?rest_route=\/wp\/v2\/pages\/105\/revisions\/132"}],"wp:attachment":[{"href":"https:\/\/shg-schlaganfall-ulm.de\/index.php?rest_route=%2Fwp%2Fv2%2Fmedia&parent=105"}],"curies":[{"name":"wp","href":"https:\/\/api.w.org\/{rel}","templated":true}]}}