{"id":101,"date":"2023-09-19T10:44:20","date_gmt":"2023-09-19T08:44:20","guid":{"rendered":"https:\/\/shg-schlaganfall-ulm.de\/?page_id=101"},"modified":"2025-04-24T12:07:12","modified_gmt":"2025-04-24T10:07:12","slug":"datenschutz","status":"publish","type":"page","link":"https:\/\/shg-schlaganfall-ulm.de\/?page_id=101","title":{"rendered":"Datenschutz"},"content":{"rendered":"\n<h3 class=\"wp-block-heading\">Allgemeine Hinweise<\/h3>\n\n\n\n<p>Nachfolgend informieren wir Sie \u00fcber die Erhebung personenbezogener Daten bei der Nutzung unserer Internetseite.<\/p>\n\n\n\n<p>Der Begriff \u201epersonenbezogene Daten\u201c meint alle Daten, die auf Sie pers\u00f6nlich beziehbar sind. Darunter fallen beispielsweise Name, Adresse, E-Mailadressen, Nutzerverhalten. Hinsichtlich der \u00fcbrigen Begrifflichkeiten, insbesondere der Begriffe \u201eVerarbeitung\u201c und \u201eEinwilligung\u201c verweisen wir auf die gesetzlichen datenschutzrechtlichen Definitionen.<\/p>\n\n\n\n<p>Wir verarbeiten personenbezogene Daten grunds\u00e4tzlich nur, soweit dies zur Bereitstellung einer funktionsf\u00e4higen Webseite sowie der von uns angebotenen Inhalte und Leistungen erforderlich ist. Die Verarbeitung personenbezogener Daten erfolgt regelm\u00e4\u00dfig nur dann, wenn Sie uns eine Einwilligung erteilt haben oder die Verarbeitung durch gesetzliche Vorschriften gestattet ist.<\/p>\n\n\n\n<p>Ihre personenbezogenen Daten werden gel\u00f6scht oder gesperrt, sobald der Zweck der Speicherung entf\u00e4llt. Eine Speicherung kann dar\u00fcber hinaus dann erfolgen, wenn dies durch nationale oder europ\u00e4ische Vorschriften, denen wir unterliegen, vorgesehen wurde. Eine Sperrung oder L\u00f6schung der Daten erfolgt in diesem Fall dann, wenn die in den jeweiligen Vorschriften vorgeschriebene Speicherfrist abgelaufen ist.<\/p>\n\n\n\n<h3 class=\"wp-block-heading\">Wer ist verantwortlich f\u00fcr die Datenerfassung auf dieser Website?<\/h3>\n\n\n\n<p>Verantwortliche Stelle im Sinne des \u00a7 3 Abs. 7 Bundesdatenschutzgesetz (\u201eBDSG\u201c) sowie Diensteanbieter im Sinne des \u00a7 13 Telemediengesetz (\u201eTMG\u201c) ist:<\/p>\n\n\n\n<p>SHG Schlaganfall Ulm<br>Ralf Illing<br>B\u00f6finger Weg 24\/6<br>89075 Ulm<\/p>\n\n\n\n<p>Kontakt<br>siehe Impressum<\/p>\n\n\n\n<p><\/p>\n\n\n\n<h3 class=\"wp-block-heading\">Wie erfassen wir Ihre Daten?<\/h3>\n\n\n\n<p>Der sorgf\u00e4ltige Umgang mit Ihren personenbezogenen Daten hat bei der SHG Schlaganfall Ulm h\u00f6chste Priorit\u00e4t. Wir halten uns bei der Verarbeitung an die gesetzlichen Bestimmungen der Datenschutzgrundverordnung (DSGVO) sowie die damit verbundenen nationalen Bestimmungen. Wenn Sie unsere Webseite besuchen, speichern die Webserver bzw. unser Provider zum Zweck der Systemsicherheit standardm\u00e4\u00dfig und tempor\u00e4r die Verbindungsdaten des anfragenden Rechners, die Unterseiten, die Sie bei uns besuchen, das Datum und die Dauer des Besuches, die Erkennungsdaten des verwendeten Browser- und Betriebssystem-Typs sowie die Webseite, von der aus Sie uns besuchen.<\/p>\n\n\n\n<p>Dieser Datensatz besteht aus<\/p>\n\n\n\n<ul class=\"wp-block-list\">\n<li>&nbsp;der Seite, von der aus die Datei angefordert wurde,<\/li>\n\n\n\n<li>dem Namen der Datei,<\/li>\n\n\n\n<li>dem Datum und der Uhrzeit der Abfrage,<\/li>\n\n\n\n<li>der \u00fcbertragenen Datenmenge,<\/li>\n\n\n\n<li>dem Zugriffsstatus,<\/li>\n\n\n\n<li>der Beschreibung des Typs des verwendeten Webbrowsers,<\/li>\n\n\n\n<li>der IP-Adresse des anfragenden Rechners verk\u00fcrzt um die letzten drei Stellen.<\/li>\n<\/ul>\n\n\n\n<p>Diese Daten werden anonymisiert gespeichert. Die Erstellung von personenbezogenen Nutzerprofilen ist damit ausgeschlossen. Diese Daten werden nach dem Ende der Verbindung gel\u00f6scht oder anonymisiert.<\/p>\n\n\n\n<p>Zudem erheben wir in weiteren F\u00e4llen personenbezogene Daten von Ihnen und zwar<\/p>\n\n\n\n<ul class=\"wp-block-list\">\n<li>&nbsp;bei der Kontaktaufnahme mit uns \u00fcber E-Mail<\/li>\n\n\n\n<li>durch die zum Webseitentracking eingesetzte Software<\/li>\n\n\n\n<li>zur Absicherung unseres Webservers und zur Gew\u00e4hrleistung der Funktionsf\u00e4higkeit unserer Online-Dienste<\/li>\n<\/ul>\n\n\n\n<p>Die Verarbeitung personenbezogener Daten geschieht ausschlie\u00dflich zweckgebunden. Wir \u00fcberpr\u00fcfen zudem unsere Praktiken der Datenverarbeitung regelm\u00e4\u00dfig, um sicherzustellen, dass wir so wenig personenbezogene Daten wie m\u00f6glich verarbeiten.<\/p>\n\n\n\n<p><strong>Wof\u00fcr nutzen wir Ihre Daten?<br><\/strong>Ein Teil der Daten wird erhoben, um eine fehlerfreie Bereitstellung der Website zu gew\u00e4hrleisten. Andere Daten k\u00f6nnen zur Analyse Ihres Nutzerverhaltens verwendet werden. Das Team des Selbsthilfeb\u00fcros KORN f\u00fchrt keine Analyse Ihres Nutzerverhaltens durch.<\/p>\n\n\n\n<p><strong>Ihre Rechte<br><\/strong>Sie haben uns gegen\u00fcber hinsichtlich der Sie betreffenden personenbezogenen Daten die nachfolgenden Rechte:<\/p>\n\n\n\n<ul class=\"wp-block-list\">\n<li>das Recht auf Auskunft,<\/li>\n\n\n\n<li>das Recht auf Berichtigung und L\u00f6schung,<\/li>\n\n\n\n<li>das Recht auf Einschr\u00e4nkung der Verarbeitung,<\/li>\n\n\n\n<li>das Recht auf Widerspruch gegen die Verarbeitung,<\/li>\n\n\n\n<li>das Recht auf Daten\u00fcbertragbarkeit.<\/li>\n<\/ul>\n\n\n\n<p>Sie haben zus\u00e4tzlich das Recht, sich bei einer Datenschutz-Aufsichtsbeh\u00f6rde \u00fcber die Verarbeitung Ihrer personenbezogenen Daten durch uns zu beschweren.<\/p>\n\n\n\n<p>Sie haben jederzeit ein Recht auf Auskunft \u00fcber die bei uns verarbeiteten personenbezogenen Daten gem\u00e4\u00df Art. 15 DSGVO. Sie haben au\u00dferdem das Recht, die Berichtigung, Sperrung oder L\u00f6schung dieser Daten zu verlangen.<\/p>\n\n\n\n<p>Des Weiteren k\u00f6nnen Sie gem\u00e4\u00df Art. 16 bis 18 DSGVO eine Berichtigung, Einschr\u00e4nkung (Sperrung) oder L\u00f6schung Ihrer personenbezogenen Daten von uns verlangen, wenn die Daten bei uns falsch verarbeitet wurden, ein Grund f\u00fcr eine Einschr\u00e4nkung der weiteren Datenverarbeitung gegeben ist, oder die Datenverarbeitung aus unterschiedlichen Gr\u00fcnden rechtswidrig geworden ist, oder wenn ihre Speicherung aus sonstigen gesetzlichen Gr\u00fcnden unzul\u00e4ssig ist. Wir weisen darauf hin, dass Ihr Recht auf L\u00f6schung durch gesetzliche Aufbewahrungsfristen eingeschr\u00e4nkt sein kann.<\/p>\n\n\n\n<p>Beruht unsere Datenverarbeitung ausschlie\u00dflich auf unserem berechtigten Interesse gem\u00e4\u00df Art 6 Abs. 1 f) DSGVO, k\u00f6nnen Sie gegen diese Verarbeitung Widerspruch gem\u00e4\u00df Art. 21 Abs. 1 DSGVO einlegen. Dann stellen wir die Verarbeitung Ihrer Daten ein, es sei denn wir k\u00f6nnen schutzw\u00fcrdige Gr\u00fcnde f\u00fcr die Verarbeitung nachweisen, die Ihre Interessen, Rechte und Freiheiten \u00fcberwiegen, oder die Verarbeitung dient der Geltendmachung, Aus\u00fcbung oder Verteidigung eines Rechtsanspruchs.<\/p>\n\n\n\n<p>Haben Sie uns die Verarbeitung Ihrer personenbezogenen Daten durch eine Einwilligung erlaubt, steht Ihnen gem\u00e4\u00df Art. 7 Abs. 3 DSGVO ein Widerrufsrecht mit Wirkung f\u00fcr die Zukunft zur Verf\u00fcgung. Zur Aus\u00fcbung Ihrer Rechte k\u00f6nnen Sie uns eine formlose Mitteilung an&nbsp;<a href=\"mailto:kontakt@selbsthilfebuero-korn.de\">datenschutz@selbsthilfebuero-korn.de<\/a>&nbsp;senden.<\/p>\n\n\n\n<p><strong>Beschwerderecht bei der zust\u00e4ndigen Aufsichtsbeh\u00f6rde<br><\/strong>Im Falle datenschutzrechtlicher Verst\u00f6\u00dfe steht dem Betroffenen ein Beschwerderecht bei der zust\u00e4ndigen Aufsichtsbeh\u00f6rde zu. Diese ist f\u00fcr das Selbsthilfeb\u00fcro KORN e.V. der Landesbeauftragte f\u00fcr den Datenschutz und die Informationsfreiheit Baden-W\u00fcrttemberg&nbsp;<a href=\"https:\/\/www.baden-wuerttemberg.datenschutz.de\/\" target=\"_blank\" rel=\"noreferrer noopener\">https:\/\/www.baden-wuerttemberg.datenschutz.de\/<\/a><\/p>\n","protected":false},"excerpt":{"rendered":"<p>Allgemeine Hinweise Nachfolgend informieren wir Sie \u00fcber die Erhebung personenbezogener Daten bei der Nutzung unserer Internetseite. Der Begriff \u201epersonenbezogene Daten\u201c meint alle Daten, die auf Sie pers\u00f6nlich beziehbar sind. Darunter fallen beispielsweise Name, Adresse, E-Mailadressen, Nutzerverhalten. Hinsichtlich der \u00fcbrigen Begrifflichkeiten, insbesondere der Begriffe \u201eVerarbeitung\u201c und \u201eEinwilligung\u201c verweisen wir auf die gesetzlichen datenschutzrechtlichen Definitionen. Wir verarbeiten [&hellip;]<\/p>\n","protected":false},"author":1,"featured_media":0,"parent":0,"menu_order":12,"comment_status":"closed","ping_status":"closed","template":"","meta":{"_mc_calendar":[],"footnotes":""},"class_list":["post-101","page","type-page","status-publish","hentry"],"_links":{"self":[{"href":"https:\/\/shg-schlaganfall-ulm.de\/index.php?rest_route=\/wp\/v2\/pages\/101","targetHints":{"allow":["GET"]}}],"collection":[{"href":"https:\/\/shg-schlaganfall-ulm.de\/index.php?rest_route=\/wp\/v2\/pages"}],"about":[{"href":"https:\/\/shg-schlaganfall-ulm.de\/index.php?rest_route=\/wp\/v2\/types\/page"}],"author":[{"embeddable":true,"href":"https:\/\/shg-schlaganfall-ulm.de\/index.php?rest_route=\/wp\/v2\/users\/1"}],"replies":[{"embeddable":true,"href":"https:\/\/shg-schlaganfall-ulm.de\/index.php?rest_route=%2Fwp%2Fv2%2Fcomments&post=101"}],"version-history":[{"count":2,"href":"https:\/\/shg-schlaganfall-ulm.de\/index.php?rest_route=\/wp\/v2\/pages\/101\/revisions"}],"predecessor-version":[{"id":134,"href":"https:\/\/shg-schlaganfall-ulm.de\/index.php?rest_route=\/wp\/v2\/pages\/101\/revisions\/134"}],"wp:attachment":[{"href":"https:\/\/shg-schlaganfall-ulm.de\/index.php?rest_route=%2Fwp%2Fv2%2Fmedia&parent=101"}],"curies":[{"name":"wp","href":"https:\/\/api.w.org\/{rel}","templated":true}]}}